*i - 10. Let a be p(7). Suppose b = 6*b - a. List the prime factors of b.
2, 3
Suppose 0 = 4*k, 4*v + k = -3*k + 28. What are the prime factors of v?
7
Let x(s) = 3*s - 6. Let g be x(10). Suppose -3*r - r + 3*o = -29, -4*o - g = -4*r. List the prime factors of r.
11
Suppose -q + 4 = 2. Suppose -7*p + 2*p - q*x + 80 = 0, 4*p - 92 = 4*x. List the prime factors of p.
2, 3
Suppose a - 18 = 4*a. List the prime factors of 3/a - 57/(-2).
2, 7
Let n(h) = h**2 - 14*h + 5. Suppose -3*o + 30 = -15. List the prime factors of n(o).
2, 5
Suppose -2*g = -5*s + 135, 3*s - g + 27 = 108. List the prime factors of s.
3
Let p = 3 + 0. Suppose -p = a - 6. Suppose x - r - 3 = -2*r, -2*r = -x + a. What are the prime factors of x?
3
Suppose -735 = -5*y - 4*t, 0 = -0*y - 3*y - 3*t + 438. List the prime factors of y.
151
Let k be (-4)/(-5) + 16/5. What are the prime factors of (2 - -45) + 2 - k?
3, 5
Suppose m = 3*n + n + 40, 4*m = 5*n + 182. List the prime factors of m.
2, 3
Let c(u) = u**3 + 6*u**2 - 7*u + 7. Suppose -5*v + 40 = -5*l, 5*l + 15 = -4*v - 16. Let h be c(l). Let n = h - 2. What are the prime factors of n?
5
Suppose -5*l + 10 + 5 = 0. Let n be 1*(-7)/(21/78). List the prime factors of 4/12 - n/l.
3
Suppose -i = i - 52. Suppose -5*r = -9 - i. What are the prime factors of r?
7
Let f(l) = l**3 + 11*l**2 + 8*l - 6. Let y be f(-10). Let o(q) = q**3 - 15*q**2 + 15*q - 3. List the prime factors of o(y).
11
Let b(r) = -r**3 - 7*r**2 - 7*r + 7. List the prime factors of b(-6).
13
Suppose -4*q + 12 = 4*m, -5*m + 11 = -3*q + 4*q. Let g = 1 - q. Suppose g = 4*t - 4*j - 2 - 14, -6 = -3*j. List the prime factors of t.
2, 3
Suppose -4*d = -6*d + 4. Suppose -2*n + 36 + 25 = 5*w, 5*w = d*n - 11. What are the prime factors of n?
2, 3
Let l be (-4 - -24)*6/8. Suppose 5*s + l = m - 66, -5*m + 37 = -2*s. Let q = s - -27. What are the prime factors of q?
11
Let a = -8 - -10. Suppose 1 = a*l + 2*q - 7, -2 = -q. Suppose z = -z - 8, -l*f - 2*z = -12. What are the prime factors of f?
2, 5
Suppose -2 = 2*a - 10. Let q = 0 - -2. Suppose -c + 3*c + a*w = 30, 2*w = q*c - 24. List the prime factors of c.
13
Let i be (-3)/(-2*(-1)/(-2)). Suppose i*r = -2*r + 30. What are the prime factors of r?
2, 3
Let k = 41 + -3. List the prime factors of k.
2, 19
Suppose 8*t - 125 = 3*t. List the prime factors of t.
5
Suppose -651 = -0*q - 7*q. List the prime factors of q.
3, 31
Suppose p - c = -3*p + 40, -2 = -2*p + 5*c. Suppose o = p + 7. List the prime factors of o.
2, 3
Let d(o) = -o**2 + 26. List the prime factors of d(0).
2, 13
Let n(i) = -i**3 + 15*i**2 + 20*i + 10. List the prime factors of n(16).
2, 37
Let w = 9 - 10. Let b be (w/2)/((-2)/12). List the prime factors of 4*(5 + -2)/b.
2
Suppose -4 = -4*l - x + 6, 4*l + 5*x = 2. Suppose -5*q + 7 = -2*p, 0 = 3*p - 10 - 2. Suppose -q*t = -6 - l. List the prime factors of t.
3
Let u(h) = -5*h**3 - 2*h**2 - 6*h + 8. Let n(c) = c**3 - c**2 + c. Let j(t) = 4*n(t) + u(t). List the prime factors of j(-6).
2, 5
Suppose -2*p + 5*p = 6. Suppose -4*w + 3*y + 79 = 0, -p*w + 2*y - y = -37. Let t = -11 + w. What are the prime factors of t?
5
Let j = 16 + -22. Let k(n) = 3*n**2 + 7*n - 11. What are the prime factors of k(j)?
5, 11
Let l be (-2)/5 - 2/(-5). Suppose -4*r + 3*r + 12 = l. List the prime factors of r.
2, 3
Suppose 0 = -2*p + 4*q + 130, -2*q + 27 = 3*p - 160. What are the prime factors of p?
3, 7
Let c be (-3)/(-6)*4/2. Let t be 1/(-5) - c/(-5). Suppose -3*z - 4*n - 8 = t, 5*z = n - 5*n. What are the prime factors of z?
2
Suppose 0*s - 2 = s. Let b(z) = -7*z + 1. List the prime factors of b(s).
3, 5
What are the prime factors of 31/((-3)/24*-4)?
2, 31
Suppose -2*i - 5 = -y, 4*i = y - 6*y + 53. Suppose -5*u = 3*k - 68, 15 = u - 2*k - y. What are the prime factors of u?
2
Suppose 3*l + 19 = -65. What are the prime factors of ((-2)/(-4))/((-2)/l)?
7
Let k(r) = r**2 + r + 1. Let c(p) = -7*p**2 - 7*p - 8. Let d(u) = -c(u) - 6*k(u). List the prime factors of d(2).
2
Let h(t) = -4 + 3 + 10*t**2 + 5*t**2. Let c be h(1). Suppose a + c = 2*a. What are the prime factors of a?
2, 7
Suppose -3*x = -5*x + 82. What are the prime factors of x?
41
Suppose -o - 3*o = 5*k + 4, -2*o + 4 = k. Let a = o + -2. Suppose -h + 1 = -4*p, -4*h - a*p + 0 = -40. List the prime factors of h.
3
Let a(l) = -l**2 + l - 3 + 4*l + 2*l**2. Suppose -p - 4*p - 30 = 0. What are the prime factors of a(p)?
3
Suppose -w + 66 = 5*j, 0*j - 8 = -2*j - 5*w. What are the prime factors of j?
2, 7
Suppose 0 = 2*l - 10, 6*l = -2*x + 8*l + 272. What are the prime factors of x?
3, 47
Let v(r) be the first derivative of -r**4/4 + 2*r**3 + 4*r**2 + 3*r + 3. List the prime factors of v(7).
2, 5
Suppose 0 = 4*b + j - 526, 4*b + 199 = -3*j + 721. Suppose 2*p + 2*p = 4*k + b, -3*k = -5*p + 175. List the prime factors of p.
2, 19
Suppose 12 = p - i - 4*i, 0 = 2*p - 5*i - 34. Suppose 36 = 2*k - 5*k. Let n = k + p. List the prime factors of n.
2, 5
Let t be 2/(-3) + 40/6. Suppose -3*s + 0*s = t. List the prime factors of s/5 + 201/15.
13
Let a = 9 - 5. Let j(l) = 5*l - 3. List the prime factors of j(a).
17
Let f = 53 + 13. List the prime factors of f.
2, 3, 11
Suppose -p = 3*a - 2 - 111, 0 = -4*a - 2*p + 154. Let b = a - 13. List the prime factors of b.
23
Suppose 3*v - 49 = -2*q, 16 = -3*q - 2*v + 82. Let j be 2/(-5) - (-148)/q. Suppose 19 = h + j. What are the prime factors of h?
2, 3
What are the prime factors of 2/(-6) - 2104/(-12)?
5, 7
Suppose 4*f - 6*f - 2 = 0. Let x(y) = -6*y**3 + 2*y**2 - 1. List the prime factors of x(f).
7
Suppose 6*g = 31 - 1. List the prime factors of g.
5
Let p be -2 - -2 - 2 - -10. Let z(j) = j**2 - 8*j + 2. List the prime factors of z(p).
2
Suppose 4*n - 2*v = 50, -3*n + 0*n = 2*v - 20. Let g = -2 + n. Let y = -6 + g. What are the prime factors of y?
2
Let y = 5 - 4. Let k = 11 - y. Suppose -4*r + 12 = -3*b - 6, -r - 2*b + k = 0. List the prime factors of r.
2, 3
Let f = -7 + 33. Suppose 3*r = 2*n - f, -n + 1 = 2*r + 2. Let k(j) = -j**2 + 9*j - 6. List the prime factors of k(n).
2
Let r(b) = 38*b. Let j be r(4). Suppose -a - 3*a + j = 0. What are the prime factors of a?
2, 19
Let z(d) = -2*d**2 + d**2 - 3*d**3 + 4*d**2 + 4*d**3 + 2. What are the prime factors of z(-3)?
2
Suppose -i - 15 = 3*u + 27, 15 = -2*u - 5*i. Let a = u + 27. What are the prime factors of a?
2, 3
Suppose -6*o + 2*s = -2*o + 10, 5*o + 20 = 4*s. Suppose o = j - 4 + 1. Let r = j + 9. List the prime factors of r.
2, 3
Suppose -5*r - 2*h + h = -610, r = 4*h + 122. List the prime factors of r.
2, 61
Let x(g) = -4*g + 44. List the prime factors of x(-12).
2, 23
Suppose 3*m - 114 = -0*m - 3*o, 2*m + 4*o = 82. List the prime factors of m.
5, 7
Let p be (24 - -2) + (-1 - 1). Suppose 5*t + p = q, q + t - 15 = 3*t. List the prime factors of q.
3
Let d be (-4)/5*(-7 - -2). Suppose -3*v = -d*v + 14. What are the prime factors of v?
2, 7
What are the prime factors of (-4)/7 - (-1536)/42?
2, 3
Suppose 0 = -0*j + 5*j - 60. Suppose 3*c - 42 = j. What are the prime factors of c?
2, 3
Suppose 6*t + i = 2*t + 88, -19 = -t - i. What are the prime factors of t?
23
Suppose 370 = -3*k + 2*t, -110 = 3*k - 2*k + 2*t. What are the prime factors of k/(-14) - (-30)/70?
3
Let u(c) = -c - 2. What are the prime factors of u(-5)?
3
Let z = -333 + 595. What are the prime factors of z?
2, 131
Suppose x - 2 = 2. Let c be 1006/(-4) + (-2)/x. List the prime factors of c/(-20) - (-3)/(-5).
2, 3
Suppose 5*k - 3*k - 4 = 0. Suppose b - 20 = -k*n, 0*n - 28 = -2*n - 3*b. List the prime factors of n.
2
Let n(u) = -13*u - 1. Let t be n(3). Let i = t + 65. List the prime factors of i.
5
Let k(y) = 27*y - 4. Let c(x) = -53*x + 7. Let b(n) = -4*c(n) - 7*k(n). List the prime factors of b(1).
23
List the prime factors of 2 - (1 + 2 + -8 + 2).
5
Suppose -4*d - 4*g + 26 = -2*g, -2 = -d + g. Suppose f - 6*s + s = -d, 0 = -3*f + 2*s - 28. Let a(h) = h**3 + 10*h**2 + 6. What are the prime factors of a(f)?
2, 3
Let n = -24 - -47. Let d be (-2 + 17 - 3)*-1. Let r = n + d. List the prime factors of r.
11
Suppose 0 = -4*s + 8*s - 16. Suppose 74 = 5*t - 2*t + 2*g, -3*t + 82 = s*g. List the prime factors of t.
2, 11
Suppose -5 = 3*b - 14. Suppose b*l = -0*l + 57. What are the prime factors of l?
19
What are the prime factors of 2132/39 - ((-10)/(-6) + -1)?
2, 3
